{"id":11,"date":"2021-03-10T05:43:12","date_gmt":"2021-03-10T05:43:12","guid":{"rendered":"http:\/\/immobilienbartels.de\/?page_id=11"},"modified":"2024-12-10T06:16:08","modified_gmt":"2024-12-10T05:16:08","slug":"projekte","status":"publish","type":"page","link":"https:\/\/immobilienbartels.de\/?page_id=11","title":{"rendered":"Immobilien"},"content":{"rendered":"\n<h3 class=\"wp-block-heading alignwide has-text-align-center\">Albert Sergel Stra\u00dfe, Peine<\/h3>\n\n\n\n<hr class=\"wp-block-separator has-css-opacity alignwide\"\/>\n\n\n\n<p class=\"has-text-align-center\" style=\"line-height:0\">3 Wohneinheiten<\/p>\n\n\n\n<p class=\"has-text-align-center\" style=\"line-height:0\">Sanierung: 2015-16<\/p>\n\n\n\n<figure class=\"wp-block-gallery alignwide has-nested-images columns-default is-cropped wp-block-gallery-1 is-layout-flex wp-block-gallery-is-layout-flex\">\n<figure class=\"wp-block-image size-large\"><img loading=\"lazy\" decoding=\"async\" width=\"1024\" height=\"683\" data-id=\"25\" src=\"https:\/\/immobilienbartels.de\/wp-content\/uploads\/2021\/03\/DSC3618_Watermark-1024x683.jpg\" alt=\"\" class=\"wp-image-25\" srcset=\"https:\/\/immobilienbartels.de\/wp-content\/uploads\/2021\/03\/DSC3618_Watermark-1024x683.jpg 1024w, https:\/\/immobilienbartels.de\/wp-content\/uploads\/2021\/03\/DSC3618_Watermark-300x200.jpg 300w, https:\/\/immobilienbartels.de\/wp-content\/uploads\/2021\/03\/DSC3618_Watermark-768x512.jpg 768w, https:\/\/immobilienbartels.de\/wp-content\/uploads\/2021\/03\/DSC3618_Watermark-1536x1024.jpg 1536w, https:\/\/immobilienbartels.de\/wp-content\/uploads\/2021\/03\/DSC3618_Watermark-2048x1365.jpg 2048w, https:\/\/immobilienbartels.de\/wp-content\/uploads\/2021\/03\/DSC3618_Watermark-1568x1045.jpg 1568w\" sizes=\"(max-width: 1024px) 100vw, 1024px\" \/><\/figure>\n\n\n\n<figure class=\"wp-block-image size-large\"><img loading=\"lazy\" decoding=\"async\" width=\"1024\" height=\"819\" data-id=\"26\" src=\"https:\/\/immobilienbartels.de\/wp-content\/uploads\/2021\/03\/DSC3622_Watermark-1024x819.jpg\" alt=\"\" class=\"wp-image-26\" srcset=\"https:\/\/immobilienbartels.de\/wp-content\/uploads\/2021\/03\/DSC3622_Watermark-1024x819.jpg 1024w, https:\/\/immobilienbartels.de\/wp-content\/uploads\/2021\/03\/DSC3622_Watermark-300x240.jpg 300w, https:\/\/immobilienbartels.de\/wp-content\/uploads\/2021\/03\/DSC3622_Watermark-768x614.jpg 768w, https:\/\/immobilienbartels.de\/wp-content\/uploads\/2021\/03\/DSC3622_Watermark-1536x1228.jpg 1536w, https:\/\/immobilienbartels.de\/wp-content\/uploads\/2021\/03\/DSC3622_Watermark-2048x1637.jpg 2048w, https:\/\/immobilienbartels.de\/wp-content\/uploads\/2021\/03\/DSC3622_Watermark-1568x1253.jpg 1568w\" sizes=\"(max-width: 1024px) 100vw, 1024px\" \/><\/figure>\n\n\n\n<figure class=\"wp-block-image size-large\"><img loading=\"lazy\" decoding=\"async\" width=\"681\" height=\"1024\" data-id=\"28\" src=\"https:\/\/immobilienbartels.de\/wp-content\/uploads\/2021\/03\/DSC3635_Watermark-681x1024.jpg\" alt=\"\" class=\"wp-image-28\" srcset=\"https:\/\/immobilienbartels.de\/wp-content\/uploads\/2021\/03\/DSC3635_Watermark-681x1024.jpg 681w, https:\/\/immobilienbartels.de\/wp-content\/uploads\/2021\/03\/DSC3635_Watermark-200x300.jpg 200w, https:\/\/immobilienbartels.de\/wp-content\/uploads\/2021\/03\/DSC3635_Watermark-768x1154.jpg 768w, https:\/\/immobilienbartels.de\/wp-content\/uploads\/2021\/03\/DSC3635_Watermark-1022x1536.jpg 1022w, https:\/\/immobilienbartels.de\/wp-content\/uploads\/2021\/03\/DSC3635_Watermark-1363x2048.jpg 1363w, https:\/\/immobilienbartels.de\/wp-content\/uploads\/2021\/03\/DSC3635_Watermark-1568x2356.jpg 1568w, https:\/\/immobilienbartels.de\/wp-content\/uploads\/2021\/03\/DSC3635_Watermark-scaled.jpg 1703w\" sizes=\"(max-width: 681px) 100vw, 681px\" \/><\/figure>\n\n\n\n<figure class=\"wp-block-image size-large\"><img loading=\"lazy\" decoding=\"async\" width=\"1024\" height=\"681\" data-id=\"27\" src=\"https:\/\/immobilienbartels.de\/wp-content\/uploads\/2021\/03\/DSC3627_Watermark-1024x681.jpg\" alt=\"\" class=\"wp-image-27\" srcset=\"https:\/\/immobilienbartels.de\/wp-content\/uploads\/2021\/03\/DSC3627_Watermark-1024x681.jpg 1024w, https:\/\/immobilienbartels.de\/wp-content\/uploads\/2021\/03\/DSC3627_Watermark-300x200.jpg 300w, https:\/\/immobilienbartels.de\/wp-content\/uploads\/2021\/03\/DSC3627_Watermark-768x511.jpg 768w, https:\/\/immobilienbartels.de\/wp-content\/uploads\/2021\/03\/DSC3627_Watermark-1536x1022.jpg 1536w, https:\/\/immobilienbartels.de\/wp-content\/uploads\/2021\/03\/DSC3627_Watermark-2048x1363.jpg 2048w, https:\/\/immobilienbartels.de\/wp-content\/uploads\/2021\/03\/DSC3627_Watermark-1568x1043.jpg 1568w\" sizes=\"(max-width: 1024px) 100vw, 1024px\" \/><\/figure>\n<\/figure>\n\n\n\n<div style=\"height:100px\" aria-hidden=\"true\" class=\"wp-block-spacer\"><\/div>\n\n\n\n<div style=\"height:100px\" aria-hidden=\"true\" class=\"wp-block-spacer\"><\/div>\n\n\n\n<h3 class=\"wp-block-heading alignwide has-text-align-center\">Reichsbahnstra\u00dfe, Hamburg<\/h3>\n\n\n\n<hr class=\"wp-block-separator has-css-opacity alignwide\"\/>\n\n\n\n<p class=\"has-text-align-center\" style=\"line-height:0\">6 Wohneinheiten<\/p>\n\n\n\n<p class=\"has-text-align-center\" style=\"line-height:0\">Baujahr: 2014<\/p>\n\n\n\n<figure class=\"wp-block-gallery alignwide has-nested-images columns-default is-cropped wp-block-gallery-2 is-layout-flex wp-block-gallery-is-layout-flex\">\n<figure class=\"wp-block-image size-large\"><img loading=\"lazy\" decoding=\"async\" width=\"1024\" height=\"681\" data-id=\"48\" src=\"https:\/\/immobilienbartels.de\/wp-content\/uploads\/2021\/03\/07_Reichsbahn_10_Wohnzimmer_Watermark-1024x681.jpg\" alt=\"\" class=\"wp-image-48\" srcset=\"https:\/\/immobilienbartels.de\/wp-content\/uploads\/2021\/03\/07_Reichsbahn_10_Wohnzimmer_Watermark-1024x681.jpg 1024w, https:\/\/immobilienbartels.de\/wp-content\/uploads\/2021\/03\/07_Reichsbahn_10_Wohnzimmer_Watermark-300x200.jpg 300w, https:\/\/immobilienbartels.de\/wp-content\/uploads\/2021\/03\/07_Reichsbahn_10_Wohnzimmer_Watermark-768x511.jpg 768w, https:\/\/immobilienbartels.de\/wp-content\/uploads\/2021\/03\/07_Reichsbahn_10_Wohnzimmer_Watermark-1536x1022.jpg 1536w, https:\/\/immobilienbartels.de\/wp-content\/uploads\/2021\/03\/07_Reichsbahn_10_Wohnzimmer_Watermark-2048x1363.jpg 2048w, https:\/\/immobilienbartels.de\/wp-content\/uploads\/2021\/03\/07_Reichsbahn_10_Wohnzimmer_Watermark-1568x1043.jpg 1568w\" sizes=\"(max-width: 1024px) 100vw, 1024px\" \/><\/figure>\n\n\n\n<figure class=\"wp-block-image size-large\"><img loading=\"lazy\" decoding=\"async\" width=\"1024\" height=\"662\" data-id=\"49\" src=\"https:\/\/immobilienbartels.de\/wp-content\/uploads\/2021\/03\/16_Reichsbahn_11_Kueche-a_Watermark-1024x662.jpg\" alt=\"\" class=\"wp-image-49\" srcset=\"https:\/\/immobilienbartels.de\/wp-content\/uploads\/2021\/03\/16_Reichsbahn_11_Kueche-a_Watermark-1024x662.jpg 1024w, https:\/\/immobilienbartels.de\/wp-content\/uploads\/2021\/03\/16_Reichsbahn_11_Kueche-a_Watermark-300x194.jpg 300w, https:\/\/immobilienbartels.de\/wp-content\/uploads\/2021\/03\/16_Reichsbahn_11_Kueche-a_Watermark-768x497.jpg 768w, https:\/\/immobilienbartels.de\/wp-content\/uploads\/2021\/03\/16_Reichsbahn_11_Kueche-a_Watermark-1536x994.jpg 1536w, https:\/\/immobilienbartels.de\/wp-content\/uploads\/2021\/03\/16_Reichsbahn_11_Kueche-a_Watermark-1568x1014.jpg 1568w, https:\/\/immobilienbartels.de\/wp-content\/uploads\/2021\/03\/16_Reichsbahn_11_Kueche-a_Watermark.jpg 2008w\" sizes=\"(max-width: 1024px) 100vw, 1024px\" \/><\/figure>\n\n\n\n<figure class=\"wp-block-image size-large\"><img loading=\"lazy\" decoding=\"async\" width=\"1024\" height=\"681\" data-id=\"50\" src=\"https:\/\/immobilienbartels.de\/wp-content\/uploads\/2021\/03\/19_Reichsbahn_12_Wohnzimmer_Watermark-1024x681.jpg\" alt=\"\" class=\"wp-image-50\" srcset=\"https:\/\/immobilienbartels.de\/wp-content\/uploads\/2021\/03\/19_Reichsbahn_12_Wohnzimmer_Watermark-1024x681.jpg 1024w, https:\/\/immobilienbartels.de\/wp-content\/uploads\/2021\/03\/19_Reichsbahn_12_Wohnzimmer_Watermark-300x200.jpg 300w, https:\/\/immobilienbartels.de\/wp-content\/uploads\/2021\/03\/19_Reichsbahn_12_Wohnzimmer_Watermark-768x511.jpg 768w, https:\/\/immobilienbartels.de\/wp-content\/uploads\/2021\/03\/19_Reichsbahn_12_Wohnzimmer_Watermark-1536x1022.jpg 1536w, https:\/\/immobilienbartels.de\/wp-content\/uploads\/2021\/03\/19_Reichsbahn_12_Wohnzimmer_Watermark-2048x1363.jpg 2048w, https:\/\/immobilienbartels.de\/wp-content\/uploads\/2021\/03\/19_Reichsbahn_12_Wohnzimmer_Watermark-1568x1043.jpg 1568w\" sizes=\"(max-width: 1024px) 100vw, 1024px\" \/><\/figure>\n\n\n\n<figure class=\"wp-block-image size-large\"><img loading=\"lazy\" decoding=\"async\" width=\"1024\" height=\"681\" data-id=\"47\" src=\"https:\/\/immobilienbartels.de\/wp-content\/uploads\/2021\/03\/01_Reichsbahn_aussen_Watermark-1024x681.jpg\" alt=\"\" class=\"wp-image-47\" srcset=\"https:\/\/immobilienbartels.de\/wp-content\/uploads\/2021\/03\/01_Reichsbahn_aussen_Watermark-1024x681.jpg 1024w, https:\/\/immobilienbartels.de\/wp-content\/uploads\/2021\/03\/01_Reichsbahn_aussen_Watermark-300x200.jpg 300w, https:\/\/immobilienbartels.de\/wp-content\/uploads\/2021\/03\/01_Reichsbahn_aussen_Watermark-768x511.jpg 768w, https:\/\/immobilienbartels.de\/wp-content\/uploads\/2021\/03\/01_Reichsbahn_aussen_Watermark-1536x1022.jpg 1536w, https:\/\/immobilienbartels.de\/wp-content\/uploads\/2021\/03\/01_Reichsbahn_aussen_Watermark-2048x1363.jpg 2048w, https:\/\/immobilienbartels.de\/wp-content\/uploads\/2021\/03\/01_Reichsbahn_aussen_Watermark-1568x1043.jpg 1568w\" sizes=\"(max-width: 1024px) 100vw, 1024px\" \/><\/figure>\n<\/figure>\n\n\n\n<div style=\"height:100px\" aria-hidden=\"true\" class=\"wp-block-spacer\"><\/div>\n\n\n\n<div style=\"height:100px\" aria-hidden=\"true\" class=\"wp-block-spacer\"><\/div>\n\n\n\n<h3 class=\"wp-block-heading alignwide has-text-align-center\">Speestra\u00dfe, Peine<\/h3>\n\n\n\n<hr class=\"wp-block-separator has-css-opacity alignwide\"\/>\n\n\n\n<p class=\"has-text-align-center\" style=\"line-height:0\">4 Wohneinheiten<\/p>\n\n\n\n<p class=\"has-text-align-center\" style=\"line-height:0\">Baujahr: 1952<\/p>\n\n\n\n<p class=\"has-text-align-center\" style=\"line-height:0\">Sanierung: 2016-17<\/p>\n\n\n\n<figure class=\"wp-block-gallery alignwide has-nested-images columns-default is-cropped wp-block-gallery-3 is-layout-flex wp-block-gallery-is-layout-flex\">\n<figure class=\"wp-block-image size-large\"><img loading=\"lazy\" decoding=\"async\" width=\"1024\" height=\"681\" data-id=\"51\" src=\"https:\/\/immobilienbartels.de\/wp-content\/uploads\/2021\/03\/DSC7939_Watermark-1024x681.jpg\" alt=\"\" class=\"wp-image-51\" srcset=\"https:\/\/immobilienbartels.de\/wp-content\/uploads\/2021\/03\/DSC7939_Watermark-1024x681.jpg 1024w, https:\/\/immobilienbartels.de\/wp-content\/uploads\/2021\/03\/DSC7939_Watermark-300x200.jpg 300w, https:\/\/immobilienbartels.de\/wp-content\/uploads\/2021\/03\/DSC7939_Watermark-768x511.jpg 768w, https:\/\/immobilienbartels.de\/wp-content\/uploads\/2021\/03\/DSC7939_Watermark-1536x1022.jpg 1536w, https:\/\/immobilienbartels.de\/wp-content\/uploads\/2021\/03\/DSC7939_Watermark-2048x1363.jpg 2048w, https:\/\/immobilienbartels.de\/wp-content\/uploads\/2021\/03\/DSC7939_Watermark-1568x1043.jpg 1568w\" sizes=\"(max-width: 1024px) 100vw, 1024px\" \/><\/figure>\n\n\n\n<figure class=\"wp-block-image size-large\"><img loading=\"lazy\" decoding=\"async\" width=\"681\" height=\"1024\" data-id=\"52\" src=\"https:\/\/immobilienbartels.de\/wp-content\/uploads\/2021\/03\/DSC7946_Watermark-681x1024.jpg\" alt=\"\" class=\"wp-image-52\" srcset=\"https:\/\/immobilienbartels.de\/wp-content\/uploads\/2021\/03\/DSC7946_Watermark-681x1024.jpg 681w, https:\/\/immobilienbartels.de\/wp-content\/uploads\/2021\/03\/DSC7946_Watermark-200x300.jpg 200w, https:\/\/immobilienbartels.de\/wp-content\/uploads\/2021\/03\/DSC7946_Watermark-768x1154.jpg 768w, https:\/\/immobilienbartels.de\/wp-content\/uploads\/2021\/03\/DSC7946_Watermark-1022x1536.jpg 1022w, https:\/\/immobilienbartels.de\/wp-content\/uploads\/2021\/03\/DSC7946_Watermark-1363x2048.jpg 1363w, https:\/\/immobilienbartels.de\/wp-content\/uploads\/2021\/03\/DSC7946_Watermark-1568x2356.jpg 1568w, https:\/\/immobilienbartels.de\/wp-content\/uploads\/2021\/03\/DSC7946_Watermark-scaled.jpg 1703w\" sizes=\"(max-width: 681px) 100vw, 681px\" \/><\/figure>\n\n\n\n<figure class=\"wp-block-image size-large\"><img loading=\"lazy\" decoding=\"async\" width=\"1024\" height=\"681\" data-id=\"53\" src=\"https:\/\/immobilienbartels.de\/wp-content\/uploads\/2021\/03\/DSC7955_Watermark-1024x681.jpg\" alt=\"\" class=\"wp-image-53\" srcset=\"https:\/\/immobilienbartels.de\/wp-content\/uploads\/2021\/03\/DSC7955_Watermark-1024x681.jpg 1024w, https:\/\/immobilienbartels.de\/wp-content\/uploads\/2021\/03\/DSC7955_Watermark-300x200.jpg 300w, https:\/\/immobilienbartels.de\/wp-content\/uploads\/2021\/03\/DSC7955_Watermark-768x511.jpg 768w, https:\/\/immobilienbartels.de\/wp-content\/uploads\/2021\/03\/DSC7955_Watermark-1536x1022.jpg 1536w, https:\/\/immobilienbartels.de\/wp-content\/uploads\/2021\/03\/DSC7955_Watermark-2048x1363.jpg 2048w, https:\/\/immobilienbartels.de\/wp-content\/uploads\/2021\/03\/DSC7955_Watermark-1568x1043.jpg 1568w\" sizes=\"(max-width: 1024px) 100vw, 1024px\" \/><\/figure>\n\n\n\n<figure class=\"wp-block-image size-large\"><img loading=\"lazy\" decoding=\"async\" width=\"1024\" height=\"681\" data-id=\"54\" src=\"https:\/\/immobilienbartels.de\/wp-content\/uploads\/2021\/03\/DSC7968_Watermark-1024x681.jpg\" alt=\"\" class=\"wp-image-54\" srcset=\"https:\/\/immobilienbartels.de\/wp-content\/uploads\/2021\/03\/DSC7968_Watermark-1024x681.jpg 1024w, https:\/\/immobilienbartels.de\/wp-content\/uploads\/2021\/03\/DSC7968_Watermark-300x200.jpg 300w, https:\/\/immobilienbartels.de\/wp-content\/uploads\/2021\/03\/DSC7968_Watermark-768x511.jpg 768w, https:\/\/immobilienbartels.de\/wp-content\/uploads\/2021\/03\/DSC7968_Watermark-1536x1022.jpg 1536w, https:\/\/immobilienbartels.de\/wp-content\/uploads\/2021\/03\/DSC7968_Watermark-2048x1363.jpg 2048w, https:\/\/immobilienbartels.de\/wp-content\/uploads\/2021\/03\/DSC7968_Watermark-1568x1043.jpg 1568w\" sizes=\"(max-width: 1024px) 100vw, 1024px\" \/><\/figure>\n<\/figure>\n\n\n\n<div style=\"height:100px\" aria-hidden=\"true\" class=\"wp-block-spacer\"><\/div>\n\n\n\n<div style=\"height:100px\" aria-hidden=\"true\" class=\"wp-block-spacer\"><\/div>\n\n\n\n<h2 class=\"wp-block-heading alignwide has-text-align-center\">Friedenstra\u00dfe, Peine<\/h2>\n\n\n\n<hr class=\"wp-block-separator has-css-opacity alignwide\"\/>\n\n\n\n<p class=\"has-text-align-center\" style=\"line-height:0\">24 Wohneinheiten<\/p>\n\n\n\n<p class=\"has-text-align-center\" style=\"line-height:0\">Sanierung: 2009<\/p>\n\n\n\n<figure class=\"wp-block-gallery alignwide has-nested-images columns-2 is-cropped wp-block-gallery-4 is-layout-flex wp-block-gallery-is-layout-flex\">\n<figure class=\"wp-block-image size-large\"><img loading=\"lazy\" decoding=\"async\" width=\"1024\" height=\"683\" data-id=\"71\" src=\"https:\/\/immobilienbartels.de\/wp-content\/uploads\/2021\/12\/02_Friedenstrasse-2-1024x683.jpg\" alt=\"\" class=\"wp-image-71\" srcset=\"https:\/\/immobilienbartels.de\/wp-content\/uploads\/2021\/12\/02_Friedenstrasse-2-1024x683.jpg 1024w, https:\/\/immobilienbartels.de\/wp-content\/uploads\/2021\/12\/02_Friedenstrasse-2-300x200.jpg 300w, https:\/\/immobilienbartels.de\/wp-content\/uploads\/2021\/12\/02_Friedenstrasse-2-768x512.jpg 768w, https:\/\/immobilienbartels.de\/wp-content\/uploads\/2021\/12\/02_Friedenstrasse-2-1536x1024.jpg 1536w, https:\/\/immobilienbartels.de\/wp-content\/uploads\/2021\/12\/02_Friedenstrasse-2-2048x1365.jpg 2048w, https:\/\/immobilienbartels.de\/wp-content\/uploads\/2021\/12\/02_Friedenstrasse-2-1568x1045.jpg 1568w\" sizes=\"(max-width: 1024px) 100vw, 1024px\" \/><figcaption class=\"wp-element-caption\">Peine, Friedenstrasse<\/figcaption><\/figure>\n\n\n\n<figure class=\"wp-block-image size-large\"><img loading=\"lazy\" decoding=\"async\" width=\"1024\" height=\"683\" data-id=\"69\" src=\"https:\/\/immobilienbartels.de\/wp-content\/uploads\/2021\/12\/01_Friedenstrasse-2-1024x683.jpg\" alt=\"\" class=\"wp-image-69\" srcset=\"https:\/\/immobilienbartels.de\/wp-content\/uploads\/2021\/12\/01_Friedenstrasse-2-1024x683.jpg 1024w, https:\/\/immobilienbartels.de\/wp-content\/uploads\/2021\/12\/01_Friedenstrasse-2-300x200.jpg 300w, https:\/\/immobilienbartels.de\/wp-content\/uploads\/2021\/12\/01_Friedenstrasse-2-768x512.jpg 768w, https:\/\/immobilienbartels.de\/wp-content\/uploads\/2021\/12\/01_Friedenstrasse-2-1536x1024.jpg 1536w, https:\/\/immobilienbartels.de\/wp-content\/uploads\/2021\/12\/01_Friedenstrasse-2-2048x1365.jpg 2048w, https:\/\/immobilienbartels.de\/wp-content\/uploads\/2021\/12\/01_Friedenstrasse-2-1568x1045.jpg 1568w\" sizes=\"(max-width: 1024px) 100vw, 1024px\" \/><figcaption class=\"wp-element-caption\">Peine, Friedenstrasse<\/figcaption><\/figure>\n\n\n\n<figure class=\"wp-block-image size-large\"><img loading=\"lazy\" decoding=\"async\" width=\"1024\" height=\"683\" data-id=\"73\" src=\"https:\/\/immobilienbartels.de\/wp-content\/uploads\/2021\/12\/03_Friedenstrasse-3-1024x683.jpg\" alt=\"\" class=\"wp-image-73\" srcset=\"https:\/\/immobilienbartels.de\/wp-content\/uploads\/2021\/12\/03_Friedenstrasse-3-1024x683.jpg 1024w, https:\/\/immobilienbartels.de\/wp-content\/uploads\/2021\/12\/03_Friedenstrasse-3-300x200.jpg 300w, https:\/\/immobilienbartels.de\/wp-content\/uploads\/2021\/12\/03_Friedenstrasse-3-768x512.jpg 768w, https:\/\/immobilienbartels.de\/wp-content\/uploads\/2021\/12\/03_Friedenstrasse-3-1536x1024.jpg 1536w, https:\/\/immobilienbartels.de\/wp-content\/uploads\/2021\/12\/03_Friedenstrasse-3-2048x1365.jpg 2048w, https:\/\/immobilienbartels.de\/wp-content\/uploads\/2021\/12\/03_Friedenstrasse-3-1568x1045.jpg 1568w\" sizes=\"(max-width: 1024px) 100vw, 1024px\" \/><figcaption class=\"wp-element-caption\">Peine, Friedenstrasse<\/figcaption><\/figure>\n<\/figure>\n\n\n\n<div style=\"height:100px\" aria-hidden=\"true\" class=\"wp-block-spacer\"><\/div>\n\n\n\n<div style=\"height:100px\" aria-hidden=\"true\" class=\"wp-block-spacer\"><\/div>\n\n\n\n<h2 class=\"wp-block-heading alignwide has-text-align-center\">Goetheblock, Peine<\/h2>\n\n\n\n<hr class=\"wp-block-separator has-css-opacity alignwide\"\/>\n\n\n\n<p class=\"has-text-align-center\" style=\"line-height:0\">79 Wohneinheiten<\/p>\n\n\n\n<p class=\"has-text-align-center\" style=\"line-height:0\">Sanierung: 2012\/14<\/p>\n\n\n\n<figure class=\"wp-block-gallery alignwide has-nested-images columns-2 is-cropped wp-block-gallery-5 is-layout-flex wp-block-gallery-is-layout-flex\">\n<figure class=\"wp-block-image size-large\"><img loading=\"lazy\" decoding=\"async\" width=\"1024\" height=\"683\" data-id=\"75\" src=\"https:\/\/immobilienbartels.de\/wp-content\/uploads\/2021\/12\/05_Goetheblock-1024x683.jpg\" alt=\"\" class=\"wp-image-75\" srcset=\"https:\/\/immobilienbartels.de\/wp-content\/uploads\/2021\/12\/05_Goetheblock-1024x683.jpg 1024w, https:\/\/immobilienbartels.de\/wp-content\/uploads\/2021\/12\/05_Goetheblock-300x200.jpg 300w, https:\/\/immobilienbartels.de\/wp-content\/uploads\/2021\/12\/05_Goetheblock-768x512.jpg 768w, https:\/\/immobilienbartels.de\/wp-content\/uploads\/2021\/12\/05_Goetheblock-1536x1024.jpg 1536w, https:\/\/immobilienbartels.de\/wp-content\/uploads\/2021\/12\/05_Goetheblock-2048x1365.jpg 2048w, https:\/\/immobilienbartels.de\/wp-content\/uploads\/2021\/12\/05_Goetheblock-1568x1045.jpg 1568w\" sizes=\"(max-width: 1024px) 100vw, 1024px\" \/><figcaption class=\"wp-element-caption\">Peine, Goetheblock<\/figcaption><\/figure>\n\n\n\n<figure class=\"wp-block-image size-large\"><img loading=\"lazy\" decoding=\"async\" width=\"1024\" height=\"683\" data-id=\"77\" src=\"https:\/\/immobilienbartels.de\/wp-content\/uploads\/2021\/12\/07_Goetheblock-1024x683.jpg\" alt=\"\" class=\"wp-image-77\" srcset=\"https:\/\/immobilienbartels.de\/wp-content\/uploads\/2021\/12\/07_Goetheblock-1024x683.jpg 1024w, https:\/\/immobilienbartels.de\/wp-content\/uploads\/2021\/12\/07_Goetheblock-300x200.jpg 300w, https:\/\/immobilienbartels.de\/wp-content\/uploads\/2021\/12\/07_Goetheblock-768x512.jpg 768w, https:\/\/immobilienbartels.de\/wp-content\/uploads\/2021\/12\/07_Goetheblock-1536x1024.jpg 1536w, https:\/\/immobilienbartels.de\/wp-content\/uploads\/2021\/12\/07_Goetheblock-2048x1365.jpg 2048w, https:\/\/immobilienbartels.de\/wp-content\/uploads\/2021\/12\/07_Goetheblock-1568x1045.jpg 1568w\" sizes=\"(max-width: 1024px) 100vw, 1024px\" \/><figcaption class=\"wp-element-caption\">Peine, Goetheblock<\/figcaption><\/figure>\n\n\n\n<figure class=\"wp-block-image size-large\"><img loading=\"lazy\" decoding=\"async\" width=\"1024\" height=\"683\" data-id=\"78\" src=\"https:\/\/immobilienbartels.de\/wp-content\/uploads\/2021\/12\/08_Goetheblock-1024x683.jpg\" alt=\"\" class=\"wp-image-78\" srcset=\"https:\/\/immobilienbartels.de\/wp-content\/uploads\/2021\/12\/08_Goetheblock-1024x683.jpg 1024w, https:\/\/immobilienbartels.de\/wp-content\/uploads\/2021\/12\/08_Goetheblock-300x200.jpg 300w, https:\/\/immobilienbartels.de\/wp-content\/uploads\/2021\/12\/08_Goetheblock-768x512.jpg 768w, https:\/\/immobilienbartels.de\/wp-content\/uploads\/2021\/12\/08_Goetheblock-1536x1024.jpg 1536w, https:\/\/immobilienbartels.de\/wp-content\/uploads\/2021\/12\/08_Goetheblock-2048x1365.jpg 2048w, https:\/\/immobilienbartels.de\/wp-content\/uploads\/2021\/12\/08_Goetheblock-1568x1045.jpg 1568w\" sizes=\"(max-width: 1024px) 100vw, 1024px\" \/><figcaption class=\"wp-element-caption\">Peine, Goetheblock<\/figcaption><\/figure>\n\n\n\n<figure class=\"wp-block-image size-large\"><img loading=\"lazy\" decoding=\"async\" width=\"1024\" height=\"683\" data-id=\"79\" src=\"https:\/\/immobilienbartels.de\/wp-content\/uploads\/2021\/12\/09_Goetheblock-1024x683.jpg\" alt=\"\" class=\"wp-image-79\" srcset=\"https:\/\/immobilienbartels.de\/wp-content\/uploads\/2021\/12\/09_Goetheblock-1024x683.jpg 1024w, https:\/\/immobilienbartels.de\/wp-content\/uploads\/2021\/12\/09_Goetheblock-300x200.jpg 300w, https:\/\/immobilienbartels.de\/wp-content\/uploads\/2021\/12\/09_Goetheblock-768x512.jpg 768w, https:\/\/immobilienbartels.de\/wp-content\/uploads\/2021\/12\/09_Goetheblock-1536x1024.jpg 1536w, https:\/\/immobilienbartels.de\/wp-content\/uploads\/2021\/12\/09_Goetheblock-2048x1365.jpg 2048w, https:\/\/immobilienbartels.de\/wp-content\/uploads\/2021\/12\/09_Goetheblock-1568x1045.jpg 1568w\" sizes=\"(max-width: 1024px) 100vw, 1024px\" \/><figcaption class=\"wp-element-caption\">Peine, Goetheblock<\/figcaption><\/figure>\n\n\n\n<figure class=\"wp-block-image size-large\"><img loading=\"lazy\" decoding=\"async\" width=\"1024\" height=\"683\" data-id=\"82\" src=\"https:\/\/immobilienbartels.de\/wp-content\/uploads\/2021\/12\/12_Goetheblock-1024x683.jpg\" alt=\"\" class=\"wp-image-82\" srcset=\"https:\/\/immobilienbartels.de\/wp-content\/uploads\/2021\/12\/12_Goetheblock-1024x683.jpg 1024w, https:\/\/immobilienbartels.de\/wp-content\/uploads\/2021\/12\/12_Goetheblock-300x200.jpg 300w, https:\/\/immobilienbartels.de\/wp-content\/uploads\/2021\/12\/12_Goetheblock-768x512.jpg 768w, https:\/\/immobilienbartels.de\/wp-content\/uploads\/2021\/12\/12_Goetheblock-1536x1024.jpg 1536w, https:\/\/immobilienbartels.de\/wp-content\/uploads\/2021\/12\/12_Goetheblock-2048x1365.jpg 2048w, https:\/\/immobilienbartels.de\/wp-content\/uploads\/2021\/12\/12_Goetheblock-1568x1045.jpg 1568w\" sizes=\"(max-width: 1024px) 100vw, 1024px\" \/><figcaption class=\"wp-element-caption\">Peine, Goetheblock<\/figcaption><\/figure>\n<\/figure>\n","protected":false},"excerpt":{"rendered":"<p>Albert Sergel Stra\u00dfe, Peine 3 Wohneinheiten Sanierung: 2015-16 Reichsbahnstra\u00dfe, Hamburg 6 Wohneinheiten Baujahr: 2014 Speestra\u00dfe, Peine 4 Wohneinheiten Baujahr: 1952 Sanierung: 2016-17 Friedenstra\u00dfe, Peine 24 Wohneinheiten Sanierung: 2009 Goetheblock, Peine 79 Wohneinheiten Sanierung: 2012\/14<\/p>\n","protected":false},"author":1,"featured_media":0,"parent":0,"menu_order":0,"comment_status":"closed","ping_status":"closed","template":"","meta":{"footnotes":""},"class_list":["post-11","page","type-page","status-publish","hentry","entry"],"_links":{"self":[{"href":"https:\/\/immobilienbartels.de\/index.php?rest_route=\/wp\/v2\/pages\/11"}],"collection":[{"href":"https:\/\/immobilienbartels.de\/index.php?rest_route=\/wp\/v2\/pages"}],"about":[{"href":"https:\/\/immobilienbartels.de\/index.php?rest_route=\/wp\/v2\/types\/page"}],"author":[{"embeddable":true,"href":"https:\/\/immobilienbartels.de\/index.php?rest_route=\/wp\/v2\/users\/1"}],"replies":[{"embeddable":true,"href":"https:\/\/immobilienbartels.de\/index.php?rest_route=%2Fwp%2Fv2%2Fcomments&post=11"}],"version-history":[{"count":7,"href":"https:\/\/immobilienbartels.de\/index.php?rest_route=\/wp\/v2\/pages\/11\/revisions"}],"predecessor-version":[{"id":108,"href":"https:\/\/immobilienbartels.de\/index.php?rest_route=\/wp\/v2\/pages\/11\/revisions\/108"}],"wp:attachment":[{"href":"https:\/\/immobilienbartels.de\/index.php?rest_route=%2Fwp%2Fv2%2Fmedia&parent=11"}],"curies":[{"name":"wp","href":"https:\/\/api.w.org\/{rel}","templated":true}]}}